{"id":15257,"date":"2024-04-14T00:00:16","date_gmt":"2025-03-20T10:49:40","guid":{"rendered":"https:\/\/delices.lu\/produit\/perlemor-home-kleine-drop-vase\/"},"modified":"2025-03-20T11:49:40","modified_gmt":"2025-03-20T10:49:40","slug":"perlemor-home-kleine-drop-vase","status":"publish","type":"product","link":"https:\/\/delices.lu\/de\/produit\/perlemor-home-kleine-drop-vase\/","title":{"rendered":"Perlemor Home &#8211; Kleine Drop-Vase"},"content":{"rendered":"<p><strong>Eine kleine rosafarbene Vase mit flie\u00dfenden Reflexen<\/strong><br \/>\nInspiriert von Sommer, Sonne, Wellen und Sand hat Villeroy &amp; Boch eine Kollektion im Sommerlook herausgebracht. Nach den Tellern, Sch\u00fcsseln, Salatsch\u00fcsseln und Kaffeetassen im trendigen T\u00f6pferei-Look folgt nun die Dekoration mit dieser wundersch\u00f6nen kleinen Vase in zartem Rosa. Diese Vase mit ihrer sch\u00f6nen flie\u00dfenden Glasur und dem Schattierungseffekt bringt einen frischen Wind in Ihr Zuhause. Stellen Sie diese kleine Vase auf Ihren Esstisch, in Ihr Wohnzimmer oder auf Ihre Terrasse und kombinieren Sie sie mit einem Strau\u00df bunter Trockenblumen f\u00fcr eine trendige Dekoration! Kombinieren Sie sie mit anderen Perlemor Vasen und sch\u00f6nen Windlichtern in verschiedenen Gr\u00f6\u00dfen f\u00fcr eine harmonische und elegante Kombination. M\u00f6chten Sie einem lieben Menschen eine Freude machen? Schenken Sie ihm diese sch\u00f6ne Porzellanvase, um seine Wohnung sanft zu schm\u00fccken! Setzen Sie auf ein trendiges, sommerliches Design mit der Kollektion Perlemor von Villeroy &amp; Boch.       <\/p>\n","protected":false},"excerpt":{"rendered":"<p><strong>Perlemor Home<br \/>\n<\/strong><strong>Kleine Vase, Drop, zartrosa<br \/>\n<\/strong>MATERIAL: Steingut<br \/>\nGR\u00d6SSE: Durchm. ca. 147 mm und 1190 ml<br \/>\nFARBE: Zartrosa<br \/>\nGARANTIE SP\u00dcLMASCHINENGARANTIE: nicht<br \/>\nMIKROWELLENKOMPATIBEL: nicht<br \/>\nREF. ARTIKEL: 1951765071  <\/p>\n","protected":false},"featured_media":15261,"template":"","meta":[],"location":[],"product_brand":[],"product_cat":[1311,2333,1309],"product_tag":[2275,2405],"class_list":{"0":"post-15257","1":"product","2":"type-product","3":"status-publish","4":"has-post-thumbnail","6":"product_cat-dekoration","7":"product_cat-vase-de","8":"product_cat-villeroy-boch-de","9":"product_tag-rosa","10":"product_tag-vase-de","12":"first","13":"instock","14":"shipping-taxable","15":"purchasable","16":"product-type-simple"},"supplier_id":9071,"supplier_sku":"1951765071","barcode":"4003686420625","atum_controlled":true,"out_stock_date":"2024-04-14 08:53:17","out_stock_threshold":null,"inheritable":false,"inbound_stock":0,"stock_on_hold":0,"sold_today":0,"sales_last_days":0,"reserved_stock":0,"customer_returns":0,"warehouse_damage":null,"lost_in_post":0,"other_logs":0,"out_stock_days":460,"lost_sales":0,"has_location":false,"update_date":"2025-07-19T06:26:38","atum_locations":[],"atum_stock_status":"onbackorder","restock_status":false,"low_stock_amount":"","sales_update_date":"2025-07-19T06:26:38","calc_backorders":0,"locations":[],"_links":{"self":[{"href":"https:\/\/delices.lu\/de\/wp-json\/wp\/v2\/product\/15257","targetHints":{"allow":["GET"]}}],"collection":[{"href":"https:\/\/delices.lu\/de\/wp-json\/wp\/v2\/product"}],"about":[{"href":"https:\/\/delices.lu\/de\/wp-json\/wp\/v2\/types\/product"}],"wp:featuredmedia":[{"embeddable":true,"href":"https:\/\/delices.lu\/de\/wp-json\/wp\/v2\/media\/15261"}],"wp:attachment":[{"href":"https:\/\/delices.lu\/de\/wp-json\/wp\/v2\/media?parent=15257"}],"wp:term":[{"taxonomy":"location","embeddable":true,"href":"https:\/\/delices.lu\/de\/wp-json\/wp\/v2\/location?post=15257"},{"taxonomy":"product_brand","embeddable":true,"href":"https:\/\/delices.lu\/de\/wp-json\/wp\/v2\/product_brand?post=15257"},{"taxonomy":"product_cat","embeddable":true,"href":"https:\/\/delices.lu\/de\/wp-json\/wp\/v2\/product_cat?post=15257"},{"taxonomy":"product_tag","embeddable":true,"href":"https:\/\/delices.lu\/de\/wp-json\/wp\/v2\/product_tag?post=15257"}],"curies":[{"name":"wp","href":"https:\/\/api.w.org\/{rel}","templated":true}]}}

<p><strong>Eine kleine rosafarbene Vase mit fließenden Reflexen</strong><br />
Inspiriert von Sommer, Sonne, Wellen und Sand hat Villeroy &amp; Boch eine Kollektion im Sommerlook herausgebracht. Nach den Tellern, Schüsseln, Salatschüsseln und Kaffeetassen im trendigen Töpferei-Look folgt nun die Dekoration mit dieser wunderschönen kleinen Vase in zartem Rosa. Diese Vase mit ihrer schönen fließenden Glasur und dem Schattierungseffekt bringt einen frischen Wind in Ihr Zuhause. Stellen Sie diese kleine Vase auf Ihren Esstisch, in Ihr Wohnzimmer oder auf Ihre Terrasse und kombinieren Sie sie mit einem Strauß bunter Trockenblumen für eine trendige Dekoration! Kombinieren Sie sie mit anderen Perlemor Vasen und schönen Windlichtern in verschiedenen Größen für eine harmonische und elegante Kombination. Möchten Sie einem lieben Menschen eine Freude machen? Schenken Sie ihm diese schöne Porzellanvase, um seine Wohnung sanft zu schmücken! Setzen Sie auf ein trendiges, sommerliches Design mit der Kollektion Perlemor von Villeroy &amp; Boch.       </p>

<p><strong>Perlemor Home<br />
</strong><strong>Kleine Vase, Drop, zartrosa<br />
</strong>MATERIAL: Steingut<br />
GRÖSSE: Durchm. ca. 147 mm und 1190 ml<br />
FARBE: Zartrosa<br />
GARANTIE SPÜLMASCHINENGARANTIE: nicht<br />
MIKROWELLENKOMPATIBEL: nicht<br />
REF. ARTIKEL: 1951765071  </p>
